te number?
True
Is 10866146969 a composite number?
False
Is 1129110397 composite?
True
Is 19490872931 a prime number?
False
Is 56569933191 composite?
True
Is 2996976439 composite?
True
Is 1172987899 composite?
True
Is 1839427661 a composite number?
False
Is 1415908847 a composite number?
True
Is 1861503409 composite?
True
Is 1451033659 a prime number?
True
Is 122235866 prime?
False
Is 5034186917 composite?
False
Is 194128609 prime?
False
Is 20973493001 prime?
True
Is 2365372589 composite?
True
Is 52835823643 prime?
False
Is 2942743 prime?
False
Is 11026445797 prime?
True
Is 553014307 a prime number?
True
Is 783801227 a composite number?
True
Is 61432251037 prime?
False
Is 471011311 prime?
False
Is 5268743 a composite number?
False
Is 7668250523 a composite number?
False
Is 29981711 a prime number?
True
Is 4211726303 prime?
False
Is 346921992991 prime?
False
Is 78333875251 composite?
False
Is 556601015 prime?
False
Is 4002573521 a composite number?
True
Is 651738859 a prime number?
False
Is 2989453717 prime?
True
Is 2760794039 a composite number?
False
Is 585404821 a prime number?
True
Is 6930326279 a prime number?
False
Is 14887225141 composite?
True
Is 43925256311 a composite number?
True
Is 2589703513 prime?
False
Is 1347912587 composite?
True
Is 709883579 composite?
False
Is 130229191 composite?
False
Is 68525420107 a prime number?
True
Is 3187018063 a prime number?
True
Is 7080901559 composite?
False
Is 2487882577 composite?
True
Is 117851597 composite?
False
Is 1963821709 composite?
True
Is 1173524803 a prime number?
False
Is 33436727249 composite?
False
Is 349242937 a prime number?
False
Is 13065839767 a composite number?
False
Is 14891032517 a composite number?
False
Is 34025963 a composite number?
False
Is 14395617011 a composite number?
False
Is 167488262218 prime?
False
Is 693610507 prime?
True
Is 291184763 a composite number?
True
Is 22743341513 prime?
True
Is 20396805713 prime?
False
Is 1126938679 composite?
False
Is 74813997229 a composite number?
True
Is 164294029 a composite number?
False
Is 2128673 composite?
True
Is 221577061 composite?
False
Is 33218782063 composite?
False
Is 1198328413 a composite number?
True
Is 25826199629 a prime number?
False
Is 519998813 a composite number?
True
Is 11790778253 a prime number?
True
Is 187864307 composite?
False
Is 60232823 a prime number?
False
Is 4436958277 composite?
True
Is 1363979999 prime?
False
Is 65405407097 a composite number?
True
Is 37246093571 prime?
True
Is 10911991 a prime number?
False
Is 109333940095 a composite number?
True
Is 71016067 a prime number?
True
Is 6074014147 composite?
False
Is 355921333 composite?
True
Is 1657020713 composite?
False
Is 25342948193 a prime number?
True
Is 3081236107 a prime number?
False
Is 281137029 composite?
True
Is 2643463843 a composite number?
False
Is 487445941 prime?
True
Is 6288098099 a composite number?
False
Is 44357497529 a prime number?
False
Is 20326525621 a prime number?
True
Is 11138356547 composite?
False
Is 501117587 a composite number?
True
Is 78718187 prime?
True
Is 1512173759 composite?
False
Is 1537458977 a composite number?
False
Is 9140774339 a prime number?
False
Is 25102218718 a composite number?
True
Is 123755490341 a prime number?
False
Is 614853253 a prime number?
False
Is 2259171677 composite?
True
Is 319294421 composite?
False
Is 3870204341 composite?
True
Is 292070095 a composite number?
True
Is 38435754499 composite?
True
Is 1720479769 a composite number?
False
Is 29398617671 prime?
True
Is 40353222545 composite?
True
Is 114589873 a prime number?
True
Is 1319084947 composite?
True
Is 11982400037 a prime number?
False
Is 3737768197 prime?
False
Is 1037998789 prime?
False
Is 10049882773 prime?
False
Is 20680925567 prime?
True
Is 23564316103 a prime number?
False
Is 6575049269 prime?
True
Is 1282197379 composite?
True
Is 15443005969 a prime number?
False
Is 196153357 composite?
True
Is 73711303139 composite?
True
Is 5033537023 composite?
True
Is 435693283 prime?
True
Is 2294968089 a composite number?
True
Is 925043657 composite?
False
Is 63477681997 prime?
False
Is 3793528181 a composite number?
False
Is 358102509 composite?
True
Is 366553877 composite?
True
Is 27016982999 a composite number?
False
Is 3216625787 prime?
True
Is 51459894637 composite?
True
Is 10002592343 a composite number?
False
Is 764611453 prime?
True
Is 9083484899 a composite number?
False
Is 25381203173 prime?
True
Is 4039783121 a prime number?
False
Is 97325351 composite?
True
Is 228675015073 a prime number?
True
Is 147528989 a prime number?
True
Is 15532075203 a prime number?
False
Is 270738151 a prime number?
False
Is 166343459 composite?
False
Is 18808088107 composite?
False
Is 1339329203 prime?
False
Is 1905892957 prime?
False
Is 452409227 prime?
False
Is 366260221 a composite number?
False
Is 58408133053 composite?
True
Is 7371171427 a prime number?
False
Is 299359331 a prime number?
False
Is 3250754183 a prime number?
False
Is 6325497307 composite?
True
Is 821290381 a prime number?
True
Is 16082874343 a composite number?
False
Is 1271783663 composite?
True
Is 976797359 composite?
False
Is 170218247 a composite number?
False
Is 264799481 a prime number?
False
Is 20336467 prime?
True
Is 544175663 a prime number?
False
Is 1450796437 prime?
True
Is 112735013 a composite number?
False
Is 4813497223 a composite number?
False
Is 22739867341 composite?
False
Is 141164436731 a composite number?
False
Is 1842031663 prime?
True
Is 869846491 prime?
False
Is 1449630311 prime?
True
Is 18277639591 composite?
False
Is 74114673 a prime number?
False
Is 15178441547 prime?
True
Is 312406961 prime?
False
Is 467674378 a composite number?
True
Is 368687503 prime?
True
Is 1820895353 a composite number?
False
Is 1058714119 a prime number?
True
Is 529477646 a prime number?
False
Is 939046789 a composite number?
True
Is 1452436411 prime?
True
Is 54154591169 a composite number?
True
Is 271170041 a composite number?
False
Is 1086555461 composite?
False
Is 2266357271 prime?
False
Is 137326253 prime?
False
Is 31087547483 a prime number?
False
Is 3312734729 a composite number?
True
Is 488979479 a composite number?
False
Is 926576657 prime?
False
Is 2645119153 prime?
True
Is 11032639571 composite?
True
Is 5719001 composite?
False
Is 27542656697 composite?
False
Is 10277571299 prime?
True
Is 1771511734 a prime number?
False
Is 6749224979 a composite number?
True
Is 53906329 composite?
True
Is 551428307 a prime number?
True
Is 1732440635 a prime number?
False
Is 31428441157 composite?
True
Is 1747170017 a prime number?
False
Is 7137303413 a composite number?
False
Is 29160470657 a composite number?
True
Is 212744023319 a prime number?
True
Is 19832838139 prime?
True
Is 54985823 a composite number?
False
Is 2293168183 composite?
False
Is 306811091 prime?
False
Is 6822569839 a prime number?
True
Is 3994684622 composite?
True
Is 31718077791 prime?
False
Is 76973863 prime?
False
Is 808734647 a composite number?
True
Is 80363720213 composite?
True
Is 11146467509 a composite number?
False
Is 3370147961 composite?
False
Is 29963901197 a prime number?
True
Is 1138889839 prime?
True
Is 9442910086 prime?
False
Is 11032087043 composite?
True
Is 387644415767 a prime number?
False
Is 5514724135 composite?
True
Is 27443972063 prime?
True
Is 15609062467 prime?
False
Is 41561891821 a composite number?
True
Is 708858323 composite?
True
Is 13358611949 a composite number?
False
Is 438337247 a composite number?
False
Is 3472381109 composite?
False
Is 3896988397 prime?
False
Is 6408378521 a composite number?
False
Is 153482201 composite?
False
Is 2846915203 a composite number?
True
Is 1889395811 a prime number?
True
Is 75513461983 composite?
False
Is 2444527549 a composite number?
False
Is 131377847 a composite number?
False
Is 13887947869 a prime number?
False
Is 3760317523 composite?
True
Is 2573092109 a composite number?
True
Is 25473849419 prime?
False
Is 2198382911 composite?
False
Is 1136602163 prime?
False
Is 20943414653 a composite number?
True
Is 2962299169 a composite number?
False
Is 9992388691 composite?
False
Is 2175987971 a prime number?
True
Is 125772671 a composite number?
True
Is 5634594421 prime?
True
Is 54359908483 composite?
False
Is 13641544297 prime?
True
Is 265389